{"id":30,"date":"2025-01-07T18:49:38","date_gmt":"2025-01-07T17:49:38","guid":{"rendered":"http:\/\/www.edv-jaeger.at\/?page_id=30"},"modified":"2025-01-08T06:58:33","modified_gmt":"2025-01-08T05:58:33","slug":"impressum","status":"publish","type":"page","link":"http:\/\/www.edv-jaeger.at\/?page_id=30","title":{"rendered":"Impressum"},"content":{"rendered":"\n<div class=\"wp-block-columns is-layout-flex wp-container-core-columns-is-layout-9d6595d7 wp-block-columns-is-layout-flex\">\n<div class=\"wp-block-column is-layout-flow wp-block-column-is-layout-flow\" style=\"flex-basis:66.66%\">\n<p><strong>JJ EDV-Dienstleistungen<\/strong><br>DI Josef J\u00e4ger<br>H\u00f6hbergstra\u00dfe 16<br>9231 K\u00f6stenberg<\/p>\n<\/div>\n\n\n\n<div class=\"wp-block-column is-layout-flow wp-block-column-is-layout-flow\" style=\"flex-basis:33.33%\"><\/div>\n<\/div>\n\n\n\n<p>Mobil: 0664 \/ 463 43 45<br>Tel: 04274\/7460<br>e-Mail: j.jaeger@edv-jaeger.at<\/p>\n\n\n\n<p>USt.ID-Nr: ATU26902509<br><a href=\"https:\/\/firmen.wko.at\/dipl-ing-josef-j%c3%a4ger-j%c3%a4ger-josef-dipling\/k%c3%a4rnten\/?firmaid=a8505de0-66f2-4bd4-a96b-971f03aa06a3\">Information gem. \u00a75 Abs.1 E-Commerce Gesetz JJ EDV-Dienstleistungen<\/a><\/p>\n\n\n\n<p><\/p>\n","protected":false},"excerpt":{"rendered":"<p>JJ EDV-DienstleistungenDI Josef J\u00e4gerH\u00f6hbergstra\u00dfe 169231 K\u00f6stenberg Mobil: 0664 \/ 463 43 45Tel: 04274\/7460e-Mail: j.jaeger@edv-jaeger.at USt.ID-Nr: ATU26902509Information gem. \u00a75 Abs.1 E-Commerce Gesetz JJ EDV-Dienstleistungen<\/p>\n","protected":false},"author":1,"featured_media":0,"parent":0,"menu_order":0,"comment_status":"closed","ping_status":"closed","template":"","meta":{"footnotes":""},"class_list":["post-30","page","type-page","status-publish"],"_links":{"self":[{"href":"http:\/\/www.edv-jaeger.at\/index.php?rest_route=\/wp\/v2\/pages\/30","targetHints":{"allow":["GET"]}}],"collection":[{"href":"http:\/\/www.edv-jaeger.at\/index.php?rest_route=\/wp\/v2\/pages"}],"about":[{"href":"http:\/\/www.edv-jaeger.at\/index.php?rest_route=\/wp\/v2\/types\/page"}],"author":[{"embeddable":true,"href":"http:\/\/www.edv-jaeger.at\/index.php?rest_route=\/wp\/v2\/users\/1"}],"replies":[{"embeddable":true,"href":"http:\/\/www.edv-jaeger.at\/index.php?rest_route=%2Fwp%2Fv2%2Fcomments&post=30"}],"version-history":[{"count":2,"href":"http:\/\/www.edv-jaeger.at\/index.php?rest_route=\/wp\/v2\/pages\/30\/revisions"}],"predecessor-version":[{"id":32,"href":"http:\/\/www.edv-jaeger.at\/index.php?rest_route=\/wp\/v2\/pages\/30\/revisions\/32"}],"wp:attachment":[{"href":"http:\/\/www.edv-jaeger.at\/index.php?rest_route=%2Fwp%2Fv2%2Fmedia&parent=30"}],"curies":[{"name":"wp","href":"https:\/\/api.w.org\/{rel}","templated":true}]}}